i(-18). Calculate the remainder when 35 is divided by -3 - m/((-12)/(-150)).
13
Suppose -5*y - 37 - 83 = 3*i, 4*y + 5*i = -109. Calculate the remainder when y/(5 + 184/(-36)) is divided by 24.
21
Suppose 4*y + 237 = 3*w, 6*w - 2*w + 3*y = 341. Suppose -1354 - 494 = 3*r. Let z = r - -637. What is the remainder when w is divided by z?
20
Suppose 2*g - 53*s + 50*s - 121 = 0, -198 = -3*g - s. What is the remainder when 71 is divided by g?
6
Let r be 42/(-5 - (-70)/20). What is the remainder when (-1)/(-12)*1509 - (-21)/r is divided by 32?
29
Suppose -9*t + 901 = 244. What is the remainder when 144 is divided by t?
71
Let x = -625 + 856. Let u = x + -223. Calculate the remainder when 32 is divided by u.
0
Suppose -4*z + 65 = z. Let s be (-33)/77 - (-18)/42. Let t = s + z. Calculate the remainder when 49 is divided by t.
10
Let c be (-12)/9*(-9)/(-2). Let k(h) = -h**2 + 22*h + 8291. Calculate the remainder when k(-80) is divided by -1 + c/(-4)*30.
43
Suppose 0 = -r + 3*r. Suppose -2*v + 76 - 13 = n, r = n - 2*v - 47. Suppose -120 = -5*t - 4*j, 10 = t + 4*j + 2. Calculate the remainder when n is divided by t.
27
What is the remainder when 1361 is divided by ((-60)/(-36) + -1)*36?
17
Calculate the remainder when 1861 is divided by (-6)/4 + (-189)/(-14) + -57 + 63.
7
Let a(r) = r**2 + r + 14. Let u be a(13). Let z = u - -142. Suppose 3*p - 528 = 3*b, 5*p = 3*p - 5*b + z. What is the remainder when p is divided by 35?
34
Let p = 21 + -19. Suppose 5 = -3*h - 10, 0 = p*y + 2*h - 14. Let m = 1 + y. Calculate the remainder when m is divided by 4.
1
Suppose 5*r - 17278 - 13002 = 6100. What is the remainder when r is divided by 10?
6
Let u(v) = v**2 - 4*v + 9. Suppose 2*t = -r - 28, -4*r - 55 = -2*t + 27. Let y = r - -30. Calculate the remainder when u(9) is divided by y.
6
Suppose 12*m + 4194 = 30*m. What is the remainder when (m + -1)*11/11 is divided by 79?
74
Let h be 1/(-4) + (-34)/(-8). Let r(f) = -5*f**3 + 4*f**3 - f**3 - 8*f + 3*f**3 - f**2 + 486 - 491. What is the remainder when 52 is divided by r(h)?
8
Let w(c) = -57*c + 1963. Calculate the remainder when 811 is divided by w(30).
52
Suppose 0 = 117*j - 96*j + 5525 - 31523. Calculate the remainder when 3716 is divided by j.
2
Suppose -19 = -r - 3*q, -5*r + 5*q + 12 = -63. Suppose 4*l - 244 = -4*t, 0*l - 3*t = -4*l + 251. What is the remainder when l is divided by r?
14
Let s = 436 - 354. Suppose -2*a - 3*n = -7*n - 12, 5*n + 15 = 0. Let g(q) = -q + 17. Calculate the remainder when s is divided by g(a).
14
Let l be (0 + 1)*-2 - -3. Suppose z - d + 39 = 0, 5*d - 34 = z + l. Let f = z - -64. Calculate the remainder when 47 is divided by f.
23
Let y(x) = 152*x - 3462. What is the remainder when y(57) is divided by 43?
42
Suppose 0*l = -l + 629. Suppose 5 = -5*i, 5*s - l = 6*i - 2*i. Let u(x) = x**2 + 37*x - 215. Calculate the remainder when s is divided by u(-43).
39
Let l = 49 - 120. Let d = 15 - l. Calculate the remainder when d is divided by 7.
2
Suppose -3*x = -5*p - 198 - 236, 7*p = -4*x + 647. What is the remainder when 675 is divided by x?
63
Suppose 5*u = u + 1476. Suppose 15*v + 335 = 1265. Calculate the remainder when u is divided by v.
59
Let y(w) = w**3 - 3*w**2 + w + 16. Suppose -4*v = -t + 12, t + 13*v - 9 = 16*v. Calculate the remainder when 55 is divided by y(t).
7
Suppose 0 = -57*a + 53*a + 20, 6*q - a - 1771 = 0. What is the remainder when q is divided by 136?
24
Let w(r) = -r**2 - 261*r + 3288. Calculate the remainder when 3250 is divided by w(12).
10
What is the remainder when 138 is divided by 42/21 - (3 + -110 + 2)?
31
Suppose 2*a - 5*a + 36 = 3*z, 5*a - 5 = 0. Let b(l) = -11 + 32*l + 33*l + l**2 + 0*l**2 - 74*l. What is the remainder when b(z) is divided by 3?
2
Let n = -55 - -195. Suppose 0 = -7*g + 135 + 68. Calculate the remainder when n is divided by g.
24
Suppose -d - 31*x = -36*x - 67, -4*d - 3*x + 429 = 0. What is the remainder when 1540 is divided by d?
10
Let t be (-65 + 85)/(1/44). Let x = t - 271. What is the remainder when x is divided by 68?
65
Suppose -3*l - 5*u = 19, 0*l + 17 = l - 3*u. Suppose -l*t + 94 = 6*m - 10*m, -2*m = 6. Calculate the remainder when t is divided by 11.
8
Suppose -15*p = -2*p - 2262. Suppose -15 = -3*l - 18. What is the remainder when p is divided by (-242)/(-15) + (4/30)/l?
14
Suppose 6*x - 9 = 3. Let u(l) = 11 + 4*l**x - 2 + 47*l - 51*l. Calculate the remainder when u(-4) is divided by 23.
20
Let b(d) = d**2 + 48*d + 472. Calculate the remainder when 601 is divided by b(-40).
145
Let t = -4612 + 7729. Calculate the remainder when t is divided by 20.
17
Let o = -700181 - -700313. Let h(v) = -v. Let b be h(-2). Suppose 85 = b*w + 31. Calculate the remainder when o is divided by w.
24
Let z(a) = 4*a**2 + 62*a - 5. Calculate the remainder when ((-497)/28)/((-2)/24) is divided by z(-16).
24
Suppose -76 = -90*b + 86*b. Suppose 41 = 2*v - 3*a, -b = -v - 5*a - 5. What is the remainder when 75 is divided by v?
18
Let m(a) = 19*a + 92. Let o be m(24). What is the remainder when o*(-1 - (-10)/8) is divided by 48?
41
What is the remainder when 238 is divided by (-5)/(90/(-22) + 4)?
18
Let r = -52 - -7. Let a be 18/r - 436/10. Let y = -30 - a. What is the remainder when y is divided by 4?
2
Let l(c) = 44*c - 2278. Calculate the remainder when 915 is divided by l(56).
171
Let u = 3619 - 3604. Calculate the remainder when 5893 is divided by u.
13
Let y(j) = j**2 - 7*j - 11. Let g(i) = 3*i. Let h be g(3). Let v be y(h). Let w = 15 + v. What is the remainder when w is divided by 6?
4
Suppose -3*z + a - 64 = 0, 0*a + 3*a - 3 = 0. Let w(r) = 5*r - 34. Calculate the remainder when w(12) is divided by (-6)/9*z*1/2.
5
Let d be 24/(-16)*2 + 3. Suppose 29*j - 324 - 256 = d. Let z(p) = 12*p. Calculate the remainder when z(6) is divided by j.
12
Suppose 0 = 4*p + 277 + 19. Let n = p - -72. Calculate the remainder when 286 is divided by 5 + 38 + 4/n.
40
Let i = 2868 - 2728. Calculate the remainder when i is divided by 15.
5
Suppose -5 = h, 0 = 4*a + 2*h - 3*h - 493. Suppose -4*v + 472 = 4*x, 15*v - a = 14*v + x. Calculate the remainder when 130 is divided by v.
10
Suppose -91 + 22 = -3*j. Suppose 7*w - 4*w = -6. Calculate the remainder when (27/(-3))/(w*6/88) is divided by j.
20
Suppose 4*v = -3*g - 25 + 592, 5*g + 136 = v. Let l(p) = -p**3 + 5*p**2 - 5*p + 3. Calculate the remainder when v is divided by l(3).
3
Let v(d) = -38*d - 2239. Calculate the remainder when v(-63) is divided by 18.
11
Suppose -1807 + 2482 = 5*s. Calculate the remainder when 357 is divided by s.
87
What is the remainder when 787 is divided by (-4)/9 - (5 - 380/45) - -37?
27
Let n be 114/10 - (-15)/(525/(-14)). Suppose 0 = -n*w + 15*w - 1836. Calculate the remainder when w is divided by 22.
19
Suppose 2*u = 3*u, -5*u - 1565 = -5*z. Calculate the remainder when z is divided by 120.
73
Let p be 20/(-6)*(-2 + (-11)/2). Let n(u) = u**2 - 25*u + 54. Let w be n(p). Suppose -w = -5*t + 26. What is the remainder when 28 is divided by t?
12
Let i(z) = z**2 + 18*z - 108. Let y be i(-22). Calculate the remainder when 791 is divided by 1*(1 + 2 - 1) - y.
21
Let c(p) = 4*p**2 + 13*p + 27. Let r(g) = -g**2 - 1. Let f(t) = c(t) + 3*r(t). What is the remainder when 82 is divided by f(-12)?
10
Let r(b) = -20*b + 19. Let k be r(-1). Suppose -2*y + y = -2*m - k, -4*y + 96 = 4*m. What is the remainder when y is divided by 16?
13
Suppose 3*l = -5*g + 51, l - 19 = -2*g + 1. Let i = -6 - -11. Calculate the remainder when -25*7/(-35) + g is divided by i.
4
Suppose 46110 = 23*m + 6*m. What is the remainder when m is divided by 57?
51
Let f(s) = 698*s + 15464. What is the remainder when 5182 is divided by f(-22)?
106
Suppose 4*g - 456 = 2044. Suppose g = 3*v - 164. What is the remainder when v is divided by 66?
65
Suppose -7*m + 920 - 1970 = 0. What is the remainder when 72 is divided by 23 + (-10)/2*(-120)/m?
15
Suppose 0 = v - 0*v + 4*y - 32, 2*v - 37 = y. Suppose 0 = -a + v*a - 323. Calculate the remainder when 49 is divided by a.
15
Suppose -29*q - 4155 = -15378. Calculate the remainder when q is divided by 130.
127
Let m be 156/(-30)*30/(-2). Suppose -m = z - 4*z. Calculate the remainder when ((-68)/(-136))/((-1)/(-146)) is divided by z.
21
Suppose 3*h + 1 = n + 4, h = -5*n + 33. Suppose n*a - 776 = 1246. What i